NOAA-Style Climate Reports

Select a Year or Month report
2017: Jan Fev Mar Abr Mai Jun Jul Ago Set Out Nov Dez
2016: Jan Fev Mar Abr Mai Jun Jul Ago Set Out Nov Dez
2015: Jan Fev Mar Abr Mai Jun Jul Ago Set Out Nov Dez
2014: Jan Fev Mar Abr Mai Jun Jul Ago Set Out Nov Dez
2013: Jan Fev Mar Abr Mai Jun Jul Ago Set Out Nov Dez
2012: Jan Fev Mar Abr Mai Jun Jul Ago Set Out Nov Dez

Report for 2016 Março
                   Monthly Climatological Summary for mar 2016

Name: Estação Jardim Recreio   City: Ribeirão Preto   State: São Paulo
Elevation: 580 m  Lat: S 21° 10' 40"   Lon: W 047° 48' 36"

                  Temperature (°C), Rain (mm), Wind Speed (km/h)

                                      Heat  Cool        Avg
    Mean                              Deg   Deg         Wind                 Dom
Day Temp  High   Time   Low    Time   Days  Days  Rain  Speed High   Time    Dir
----------------------------------------------------------------------------------
 1  23,7  29,2   14:50  20,7   03:01   0,0   5,4   0,9   0,1  15,0   15:58     N
 2  24,8  31,4   11:53  21,2   06:04   0,0   6,5   1,5   0,1  28,0   17:26     W
 3  25,4  31,7   14:29  22,0   06:53   0,0   7,1  11,1   2,8  30,0   14:48    SW
 4  23,4  28,9   12:18  20,8   22:44   0,0   5,1  18,6   1,2  40,0   13:43   WSW
 5  24,6  32,0   15:12  20,1   06:05   0,0   6,3   0,0   0,7  22,0   18:57    SW
 6  26,7  33,1   13:20  20,4   05:03   0,0   8,4   0,0   0,5  13,0   11:13   SSW
 7  27,5  34,2   13:58  21,2   06:27   0,0   9,2   0,6   0,6  15,0   16:29     S
 8  26,2  35,5   13:18  21,4   06:15   0,0   7,9   2,4   0,4  23,0   15:38   WSW
 9  27,9  35,3   13:06  21,0   06:05   0,0   9,6   0,0   0,4  15,0   11:27   WSW
10  25,9  31,6   13:09  21,9   23:52   0,0   7,6  21,6   1,5  23,0   19:01   WSW
11  24,4  30,7   13:51  21,8   00:12   0,0   6,1  22,5   2,1  30,0   15:34   WSW
12  26,0  31,3   13:32  21,1   06:20   0,0   7,7   0,0   0,3  12,0   10:20   SSW
13  26,0  35,2   14:20  21,1   05:51   0,0   7,7  14,7   0,1  23,0   16:08   WNW
14  27,2  34,0   15:07  21,1   05:41   0,0   8,9   0,0   0,0   9,0   09:33   NNW
15  25,7  34,3   14:13  22,1   20:51   0,0   7,4   0,0   0,1  28,0   15:21     E
16  25,2  30,6   13:25  20,6   03:49   0,0   6,9   0,0   0,0   4,0   00:22   ENE
17  24,6  34,0   12:45  20,8   23:55   0,0   6,3   4,8   0,0  22,0   13:37     W
18  26,2  34,2   12:56  19,1   06:12   0,0   7,9   0,3   0,0   0,0   00:00     E
19  27,8  36,4   13:45  20,5   06:28   0,0   9,5   0,0   0,0   3,0   15:57     E
20  27,5  36,3   14:04  19,1   05:57   0,0   9,2   0,0   0,0  10,0   14:21   SSW
21  28,6  36,9   14:11  21,3   06:23   0,0  10,3   0,0   0,0   9,0   15:11   SSW
22  27,6  36,0   13:41  22,3   05:22   0,0   9,3   0,0   0,2  22,0   17:40     S
23  26,7  36,2   13:18  21,4   06:35   0,0   8,4   0,6   0,1  17,0   16:37     S
24  24,8  30,6   15:17  20,4   05:13   0,0   6,5   0,0   0,4  21,0   12:59   SSE
25  22,9  26,3   13:53  21,2   23:55   0,0   4,6  17,4   0,1  27,0   14:08   WSW
26  24,8  31,3   15:02  21,0   06:07   0,0   6,5   1,2   0,1  19,0   02:49    SW
27  27,0  34,3   15:03  20,8   06:23   0,0   8,7   0,0   0,3  11,0   12:27     S
28  26,3  35,3   13:22  21,1   23:15   0,0   8,0   6,9   0,2  16,0   15:32   SSW
29  26,1  34,2   15:22  19,4   06:14   0,0   7,8   0,0   0,0   7,0   15:59     S
30  27,5  35,4   13:36  21,3   06:27   0,0   9,2   0,0   0,1  15,0   21:54   SSW
31  26,8  36,0   13:31  21,3   06:42   0,0   8,5   0,0   0,1  24,0   15:59    NW
----------------------------------------------------------------------------------
    26,0  36,9    21    19,1    18     0,0 238,5 125,1   0,4  40,0     4      SW

Max >=  27,0: 30
Max <=   0,0:  0
Min <=   0,0:  0
Min <= -18,0:  0
Max Rain: 22,5 on day 11
Days of Rain: 15 (>= 0,2 mm)  9 (>= 2,0 mm)  2 (>= 20,0 mm)
Heat Base: 18,3  Cool Base: 18,3  Method: Integration