NOAA-Style Climate Reports

Select a Year or Month report
2017: Jan Fev Mar Abr Mai Jun Jul Ago Set Out Nov Dez
2016: Jan Fev Mar Abr Mai Jun Jul Ago Set Out Nov Dez
2015: Jan Fev Mar Abr Mai Jun Jul Ago Set Out Nov Dez
2014: Jan Fev Mar Abr Mai Jun Jul Ago Set Out Nov Dez
2013: Jan Fev Mar Abr Mai Jun Jul Ago Set Out Nov Dez
2012: Jan Fev Mar Abr Mai Jun Jul Ago Set Out Nov Dez

Report for 2016 Abril
                   Monthly Climatological Summary for abr 2016

Name: Estação Jardim Recreio   City: Ribeirão Preto   State: São Paulo
Elevation: 580 m  Lat: S 21° 10' 40"   Lon: W 047° 48' 36"

                  Temperature (°C), Rain (mm), Wind Speed (km/h)

                                      Heat  Cool        Avg
    Mean                              Deg   Deg         Wind                 Dom
Day Temp  High   Time   Low    Time   Days  Days  Rain  Speed High   Time    Dir
----------------------------------------------------------------------------------
 1  26,3  37,0   14:02  20,6   06:18   0,0   8,1  71,4   0,3  39,0   18:18   WSW
 2  26,5  35,2   14:53  19,5   06:26   0,0   8,2   2,4   0,4  12,0   11:42    SW
 3  27,9  36,6   14:38  20,9   06:24   0,0   9,6   0,0   0,2  12,0   16:02     S
 4  28,0  35,7   14:45  20,6   06:27   0,0   9,8   0,0   0,0  12,0   09:53   SSE
 5  27,9  35,8   15:10  21,2   06:12   0,0   9,6   0,0   0,0  10,0   15:12     S
 6  27,1  35,3   15:16  19,6   06:48   0,0   8,9   0,0   0,2  12,0   12:44   SSW
 7  27,1  35,8   12:29  19,1   06:21   0,0   8,8   0,0   0,2  15,0   14:31     S
 8  27,4  36,7   14:01  19,1   05:54   0,0   9,1   0,0   0,0   9,0   14:10     S
 9  27,9  37,4   15:23  19,5   06:30   0,0   9,6   0,0   0,0   9,0   11:23   WSW
10  27,6  37,0   15:20  19,5   06:18   0,0   9,3   0,0   0,0   5,0   13:16    NW
11  27,8  37,0   15:08  20,0   06:31   0,0   9,5   0,0   0,0  10,0   11:46    NW
12  27,7  35,8   14:14  20,3   06:34   0,0   9,4   0,0   0,0   7,0   12:52     S
13  27,7  36,6   14:33  20,3   06:40   0,0   9,4   0,0   0,0   9,0   13:23     W
14  28,6  37,3   15:11  21,8   06:48   0,0  10,3   0,0   0,2  13,0   11:02   WSW
15  27,7  36,8   12:45  20,4   06:45   0,0   9,4   0,0   0,1  19,0   12:55   WSW
16  27,0  35,5   15:05  19,4   06:26   0,0   8,7   0,0   0,0  21,0   13:31   SSE
17  27,0  36,0   15:22  19,1   06:02   0,0   8,7   0,0   0,1  12,0   12:09   WSW
18  27,2  35,4   15:01  20,3   05:44   0,0   8,9   0,0   0,0   9,0   14:51   WNW
19  26,8  35,8   15:43  18,6   06:37   0,0   8,5   0,0   0,4  22,0   12:54   WNW
20  27,0  35,3   13:50  20,7   06:26   0,0   8,7   0,0   0,0   9,0   13:12    SW
21  26,6  35,6   15:40  19,8   03:52   0,0   8,3   0,0   0,3  16,0   12:13    SW
22  26,5  36,2   12:33  18,7   06:39   0,0   8,2   0,0   0,0   6,0   12:33     W
23  27,0  36,3   15:06  18,4   06:28   0,0   8,7   0,0   0,1  13,0   11:13     W
24  26,9  36,4   15:24  19,0   06:07   0,0   8,7   0,0   0,2  15,0   15:00   WSW
25  27,0  35,6   15:19  19,5   06:25   0,0   8,7   0,0   0,8  19,0   13:58   WSW
26  23,7  28,1   11:42  20,8   23:43   0,0   5,4   0,6   1,8  28,0   07:05     S
27  17,1  20,8   00:00  12,1   23:47   1,7   0,5   1,5   3,2  23,0   05:39   SSW
28  16,5  22,6   14:45   9,6   06:54   2,8   1,0   0,0   0,1  12,0   14:38     S
29  18,1  21,8   12:10  14,5   06:50   1,1   0,9   0,3   0,1  15,0   10:40    SW
30  18,9  26,4   15:02  13,7   23:56   1,7   2,2   0,3   1,2  19,0   15:30     S
----------------------------------------------------------------------------------
    25,9  37,4     9     9,6    28     7,3 235,1  76,5   0,3  39,0     1     SSW

Max >=  27,0: 26
Max <=   0,0:  0
Min <=   0,0:  0
Min <= -18,0:  0
Max Rain: 71,4 on day 1
Days of Rain: 6 (>= 0,2 mm)  2 (>= 2,0 mm)  1 (>= 20,0 mm)
Heat Base: 18,3  Cool Base: 18,3  Method: Integration