NOAA-Style Climate Reports

Select a Year or Month report
2017: Jan Fev Mar Abr Mai Jun Jul Ago Set Out Nov Dez
2016: Jan Fev Mar Abr Mai Jun Jul Ago Set Out Nov Dez
2015: Jan Fev Mar Abr Mai Jun Jul Ago Set Out Nov Dez
2014: Jan Fev Mar Abr Mai Jun Jul Ago Set Out Nov Dez
2013: Jan Fev Mar Abr Mai Jun Jul Ago Set Out Nov Dez
2012: Jan Fev Mar Abr Mai Jun Jul Ago Set Out Nov Dez

Report for 2016 Maio
                   Monthly Climatological Summary for mai 2016

Name: Estação Jardim Recreio   City: Ribeirão Preto   State: São Paulo
Elevation: 580 m  Lat: S 21° 10' 40"   Lon: W 047° 48' 36"

                  Temperature (°C), Rain (mm), Wind Speed (km/h)

                                      Heat  Cool        Avg
    Mean                              Deg   Deg         Wind                 Dom
Day Temp  High   Time   Low    Time   Days  Days  Rain  Speed High   Time    Dir
----------------------------------------------------------------------------------
 1  18,1  27,5   15:03  10,4   06:21   2,7   2,5   0,0   0,2  16,0   14:12    SE
 2  19,0  30,7   15:39   8,9   06:47   2,7   3,4   0,0   0,0  11,0   14:45     S
 3  21,4  31,8   15:31  12,0   06:24   1,5   4,6   0,0   0,4  16,0   14:10   SSW
 4  22,2  31,0   15:20  13,8   06:47   0,8   4,8   0,0   0,6  15,0   13:09     S
 5  22,3  31,1   14:44  14,1   06:48   0,8   4,8   0,0   0,4  16,0   14:01   SSE
 6  23,1  33,0   15:19  14,2   06:46   0,8   5,6   0,0   0,7  18,0   13:05    SW
 7  24,5  32,7   15:14  16,8   06:54   0,2   6,3   0,0   0,2  12,0   16:34   SSW
 8  25,1  33,1   13:35  18,7   06:42   0,0   6,8   0,0   0,2  15,0   18:18    SW
 9  25,7  33,9   15:35  19,1   07:05   0,0   7,4   0,0   0,5  17,0   14:09   WSW
10  22,0  27,1   14:00  19,9   07:14   0,0   3,7   0,6   2,6  27,0   13:50   SSE
11  21,4  29,2   16:06  20,3   00:00   0,0   3,1   0,0   0,0   9,0   16:59     S
12  22,2  28,6   15:01  18,3   05:55   0,0   3,9   6,0   0,2  10,0   15:01   SSE
13  22,2  28,6   13:27  17,0   05:12   0,2   4,1   0,0   0,1  13,0   16:24    SE
14  22,9  31,6   15:46  16,6   05:03   0,2   4,8   0,0   0,0   9,0   12:39     S
15  23,4  32,0   15:07  17,1   06:31   0,1   5,2   0,0   0,4 157,0   03:04   WSW
16  23,1  29,2   15:43  19,1   04:41   0,0   4,8  26,4   2,0  31,0   23:36   WSW
17  21,9  27,4   15:28  18,8   23:53   0,0   3,6   0,0   1,4  19,0   13:46   SSW
18  22,1  27,5   14:34  17,9   02:06   0,0   3,8   0,0   0,5  15,0   15:44   SSW
19  22,7  28,8   14:10  18,1   06:03   0,0   4,4   0,0   0,0   6,0   14:54     S
20  24,5  32,0   15:10  19,3   05:32   0,0   6,3   0,0   0,1  13,0   13:39   WNW
21  21,4  26,0   15:53  18,7   05:39   0,0   3,1  31,8   0,5  31,0   03:51    SE
22  23,2  30,5   15:35  17,4   06:47   0,1   5,0   0,0   1,5  19,0   21:56   SSW
23  17,6  21,5   15:19  13,4   23:52   1,4   0,6   7,8   1,6  21,0   04:10     S
24  16,0  23,9   15:47   9,6   06:49   3,3   1,0   0,0   0,1  12,0   11:32     E
25  19,8  29,1   15:46  13,6   01:27   1,4   2,9   0,0   0,0   7,0   14:18   WSW
26  21,0  29,3   15:33  14,6   06:03   0,9   3,6   0,0   0,3  15,0   13:54   SSW
27  21,3  29,0   14:28  14,7   07:00   0,8   3,8   0,0   0,0   6,0   18:43   SSW
28  22,2  29,7   14:38  16,6   07:09   0,2   4,1   0,0   0,0  13,0   10:39     N
29  18,0  23,5   10:00  15,3   23:19   0,8   0,5   3,3   0,6  18,0   10:34   SSW
30  16,1  20,1   10:46  13,3   06:50   2,4   0,1   8,1   0,8  36,0   12:02    SE
31  17,0  27,1   20:13  16,3   00:00   1,7   0,4   8,1   0,0   1,0   21:12     E
----------------------------------------------------------------------------------
    21,4  33,9     9     8,9     2    23,0 119,0  92,1   0,5 157,0    15     SSW

Max >=  27,0: 26
Max <=   0,0:  0
Min <=   0,0:  0
Min <= -18,0:  0
Max Rain: 31,8 on day 21
Days of Rain: 8 (>= 0,2 mm)  7 (>= 2,0 mm)  2 (>= 20,0 mm)
Heat Base: 18,3  Cool Base: 18,3  Method: Integration