NOAA-Style Climate Reports

Select a Year or Month report
2017: Jan Fev Mar Abr Mai Jun Jul Ago Set Out Nov Dez
2016: Jan Fev Mar Abr Mai Jun Jul Ago Set Out Nov Dez
2015: Jan Fev Mar Abr Mai Jun Jul Ago Set Out Nov Dez
2014: Jan Fev Mar Abr Mai Jun Jul Ago Set Out Nov Dez
2013: Jan Fev Mar Abr Mai Jun Jul Ago Set Out Nov Dez
2012: Jan Fev Mar Abr Mai Jun Jul Ago Set Out Nov Dez

Report for 2016 Julho
                   Monthly Climatological Summary for jul 2016

Name: Estação Jardim Recreio   City: Ribeirão Preto   State: São Paulo
Elevation: 580 m  Lat: S 21° 10' 40"   Lon: W 047° 48' 36"

                  Temperature (°C), Rain (mm), Wind Speed (km/h)

                                      Heat  Cool        Avg
    Mean                              Deg   Deg         Wind                 Dom
Day Temp  High   Time   Low    Time   Days  Days  Rain  Speed High   Time    Dir
----------------------------------------------------------------------------------
 1  21,1  28,8   15:27  15,6   06:36   0,6   3,4   0,0   0,0  10,0   12:43   WNW
 2  21,2  29,4   15:37  15,3   07:14   0,8   3,7   0,0   0,2  16,0   13:18   WNW
 3  21,6  30,5   15:46  15,0   06:30   0,9   4,3   0,0   0,0   9,0   12:34     W
 4  21,1  29,9   15:45  15,0   06:58   0,7   3,6   0,0   0,1   9,0   11:29   WSW
 5  21,5  29,8   15:09  15,5   06:55   0,6   3,8   0,0   0,2  13,0   14:25    NW
 6  21,5  28,7   15:29  15,7   06:44   0,6   3,8   0,0   1,7  24,0   14:05    SW
 7  20,1  26,6   14:57  15,0   06:20   1,0   2,7   0,0   0,8  17,0   14:45     S
 8  17,5  21,8   15:30  15,8   00:00   1,5   0,7   0,0   0,0   3,0   15:04     E
 9  19,2  26,4   18:22  14,7   09:03   1,3   2,2   0,3   1,0  18,0   19:01     S
10  18,1  27,4   18:51  10,4   09:45   2,7   2,5   0,0   0,2  13,0   19:04   ESE
11  18,7  30,6   18:54   8,9   10:01   3,0   3,4   0,0   0,1   5,0   18:41     S
12  21,1  31,8   18:44  12,0   09:38   1,7   4,5   0,0   0,3  11,0   17:00   SSW
13  21,6  31,0   18:39  13,8   10:07   0,8   4,1   0,0   0,5  11,0   18:13     S
14  25,5  30,9   11:32  15,7   06:58   0,4   7,6   0,0   0,0  12,0   11:36    NW
15  22,0  32,0   00:00  13,0   00:00   0,0  12,6   0,0   0,0   1,0   00:00     E
16  22,0  31,0   00:00  13,0   00:00   0,0  12,6   0,0   0,0   1,0   00:00     E
17  16,0  22,0   00:00   9,7   23:58   1,4   6,5   0,0   0,5  15,0   14:48   SSE
18  14,8  27,4   15:54   4,9   06:56   5,1   1,7   0,0   0,0  19,0   21:48   SSW
19  16,8  24,7   13:15   8,1   05:25   3,7   2,2   0,0   0,1   9,0   05:50   SSW
20  18,5  29,7   14:58   9,7   06:50   2,7   2,9   0,0   0,4  13,0   14:07   SSE
21  19,1  28,8   15:52  10,8   06:57   2,2   3,0   0,0   1,2  18,0   15:53   SSE
22  18,7  29,5   15:30  11,6   07:04   2,4   2,8   0,0   0,1  11,0   13:57   SSE
23  20,8  32,3   15:32  11,6   06:29   1,7   4,2   0,0   0,1  11,0   14:46    SW
24  19,8  19,8   00:00  19,8   00:00   0,0   1,5   0,0   0,0   0,0   00:00     E
25  19,8  19,8   00:00  19,8   00:00   0,0   1,5   0,0   0,0   0,0   00:00     E
26  19,8  22,7   19:27  18,8   22:37   0,0   1,5   0,0   0,0   0,0   00:00     E
27  18,8  18,8   00:00  18,8   00:00   0,0   0,5   0,0   0,0   0,0   00:00     E
28  18,8  18,8   00:00  18,8   00:00   0,0   0,5   0,0   0,0   0,0   00:00     E
29  18,8  18,8   00:00  18,8   00:00   0,0   0,5   0,0   0,0   0,0   00:00     E
30  18,8  18,8   00:00  18,8   00:00   0,0   0,5   0,0   0,0   0,0   00:00     E
31  18,8  18,8   00:00  18,8   00:00   0,0   0,5   0,0   0,0   0,0   00:00     E
----------------------------------------------------------------------------------
    19,7  32,3    23     4,9    18    35,8 105,8   0,3   0,2  24,0     6       S

Max >=  27,0: 18
Max <=   0,0:  0
Min <=   0,0:  0
Min <= -18,0:  0
Max Rain: 0,3 on day 9
Days of Rain: 1 (>= 0,2 mm)  0 (>= 2,0 mm)  0 (>= 20,0 mm)
Heat Base: 18,3  Cool Base: 18,3  Method: Integration