NOAA-Style Climate Reports


Report for 2016 Agosto
                   Monthly Climatological Summary for ago 2016

Name: Estação Jardim Recreio   City: Ribeirão Preto   State: São Paulo
Elevation: 580 m  Lat: S 21° 10' 40"   Lon: W 047° 48' 36"

                  Temperature (°C), Rain (mm), Wind Speed (km/h)

                                      Heat  Cool        Avg
    Mean                              Deg   Deg         Wind                 Dom
Day Temp  High   Time   Low    Time   Days  Days  Rain  Speed High   Time    Dir
----------------------------------------------------------------------------------
 1  18,8  18,8   00:00  18,8   00:00   0,0   0,5   0,0   0,0   0,0   00:00     E
 2  18,8  18,8   00:00  18,8   00:00   0,0   0,5   0,0   0,0   0,0   00:00     E
 3  18,8  18,8   00:00  18,8   00:00   0,0   0,5   0,0   0,0   0,0   00:00     E
 4  18,8  18,8   00:00  18,8   00:00   0,0   0,5   0,0   0,0   0,0   00:00     E
 5  22,8  31,8   19:27  18,8   00:00   0,0   4,5 904,5   0,2  11,0   17:43   SSW
 6  21,7  31,0   19:22  13,8   10:50   0,8   4,3   0,0   0,3  11,0   18:56   SSE
 7  27,4  34,2   13:19  14,9   06:56   0,5   9,6   0,0   1,6  17,0   12:03    SW
 8  29,8  36,4   14:37  15,8   06:49   0,1  11,6   0,0   1,5  18,0   11:47   WSW
 9  24,7  35,1   15:27  15,2   06:40   0,5   6,9   0,0   1,4  19,0   14:00     S
10  19,3  21,3   00:00  14,5   23:57   0,4   1,4   0,0   0,2  13,0   12:06    SE
11  18,0  21,8   11:08   9,6   07:08   2,3   2,0   0,0   0,2  24,0   09:54     E
12  24,3  32,1   06:34   8,9   06:54   0,6   6,6   0,0   0,1  13,0   13:04   ESE
13  28,9  28,9   00:00  28,9   00:00   0,0  10,6   0,0   0,0   0,0   00:00     E
14  28,9  28,9   00:00  28,9   00:00   0,0  10,6   0,0   0,0   0,0   00:00     E
15  27,8  33,4   13:57  18,4   23:55   0,0   9,7   0,0   1,8  46,0   18:51     E
16  19,7  24,0   16:47  16,6   23:49   0,4   1,8   0,0   0,7  32,0   06:24    SE
17  24,5  35,1   15:24  14,4   06:43   1,0   7,4   0,0   0,9  18,0   14:52     S
18  26,5  38,0   14:07  17,1   06:03   0,1   8,4   0,0   0,2  21,0   23:42     S
19  26,6  37,2   14:26  17,4   06:35   0,0   8,3   0,0   0,4  28,0   13:20     W
20  22,7  29,2   14:20  20,4   04:20   0,0   4,3   0,0   1,1  22,0   02:49   SSE
21  17,9  21,8   00:53  12,5   23:57   1,1   0,6   0,0   4,6  42,0   00:59   ESE
22  17,8  23,7   14:34  10,5   07:07   2,2   1,7   0,0   0,5  19,0   02:01   NNE
23  20,3  20,3   00:00  20,3   00:00   0,0   2,0   0,0   0,0   3,0   00:00     E
24  20,3  20,3   00:00  20,3   00:00   0,0   2,0   0,0   0,0   3,0   00:00     E
26  22,4  33,4   15:13  13,3   06:46   1,1   9,0   0,0   0,1  21,0   15:20     E
27  24,0  35,5   14:46  12,9   06:48   1,0   6,7   0,0   0,2  22,0   12:53   SSW
28  26,0  36,7   14:41  16,2   06:15   0,3   8,1   0,0   0,4  17,0   13:32   SSW
29  27,2  37,2   14:12  17,4   05:47   0,1   8,7   0,0   0,8  18,0   22:52   SSE
30  26,6  36,3   14:00  18,8   06:31   0,0   8,3   0,0   2,9  21,0   19:55    SE
31  26,0  26,0   00:00  26,0   00:00   0,0   7,7   0,0  11,0  16,0   00:00    SE
----------------------------------------------------------------------------------
    23,2  38,0    18     8,9    12    12,5 164,8 904,5   1,0  46,0    15      SE

Max >=  27,0: 18
Max <=   0,0:  0
Min <=   0,0:  0
Min <= -18,0:  0
Max Rain: 904,5 on day 5
Days of Rain: 1 (>= 0,2 mm)  1 (>= 2,0 mm)  1 (>= 20,0 mm)
Heat Base: 18,3  Cool Base: 18,3  Method: Integration