NOAA-Style Climate Reports


Report for 2016 Setembro
                   Monthly Climatological Summary for set 2016

Name: Estação Jardim Recreio   City: Ribeirão Preto   State: São Paulo
Elevation: 580 m  Lat: S 21° 10' 40"   Lon: W 047° 48' 36"

                  Temperature (°C), Rain (mm), Wind Speed (km/h)

                                      Heat  Cool        Avg
    Mean                              Deg   Deg         Wind                 Dom
Day Temp  High   Time   Low    Time   Days  Days  Rain  Speed High   Time    Dir
----------------------------------------------------------------------------------
 1  26,0  26,0   00:00  26,0   00:00   0,0   7,7   0,0  11,0  16,0   00:00    SE
 2  26,0  26,0   00:00  26,0   00:00   0,0   7,7   0,0  11,0  16,0   00:00    SE
 3  26,0  26,0   00:00  26,0   00:00   0,0   7,7   0,0  11,0  16,0   00:00    SE
 4  26,0  26,0   00:00  26,0   00:00   0,0   7,7   0,0  11,0  16,0   00:00    SE
 5  26,0  26,0   00:00  26,0   00:00   0,0   7,7   0,0  11,0  16,0   00:00    SE
 6  26,0  26,0   00:00  26,0   00:00   0,0   7,7   0,0  11,0  16,0   00:00    SE
 7  26,0  26,0   00:00  26,0   00:00   0,0   7,7   0,0  11,0  16,0   00:00    SE
 8  26,0  26,0   00:00  26,0   00:00   0,0   7,7   0,0  11,0  16,0   00:00    SE
 9  26,0  26,0   00:00  26,0   00:00   0,0   7,7   0,0  11,0  16,0   00:00    SE
10  26,0  26,0   00:00  26,0   00:00   0,0   7,7   0,0  11,0  16,0   00:00    SE
11  26,0  26,0   00:00  26,0   00:00   0,0   7,7   0,0  11,0  16,0   00:00    SE
12  26,0  26,0   00:00  26,0   00:00   0,0   7,7   0,0  11,0  16,0   00:00    SE
13  27,6  38,1   14:47  22,9   23:59   0,0   9,1   0,0   6,9  23,0   15:47    SE
14  27,1  36,8   13:20  19,4   05:19   0,0   8,7   0,0   3,5  30,0   12:54   ESE
15  25,2  35,3   14:13  17,9   06:37   0,0   6,4   0,0   1,7  15,0   17:41     E
16  26,3  38,0   14:36  13,0   20:05   0,2   8,2   0,0   0,3  17,0   16:57   ENE
17  29,8  39,7   14:35  19,7   06:20   0,0  11,5   0,0   1,1  13,0   11:31   ESE
18  28,0  28,0   00:00  28,0   00:00   0,0   9,7   0,0   0,0   1,0   00:00     E
19  24,9  31,0   19:09  13,8   10:37   0,6   7,2 904,5   0,4  11,0   18:43   SSE
20  19,4  26,6   00:06  17,1   21:18   0,0   1,1   0,0   0,1   9,0   04:43    SW
21  21,1  21,1   00:00  21,1   00:00   0,0   2,8   0,0   0,0   5,0   00:00     E
22  21,1  21,1   00:00  21,1   00:00   0,0   2,8   0,0   0,0   5,0   00:00     E
23  21,1  21,1   00:00  21,1   00:00   0,0   2,8   0,0   0,0   5,0   00:00     E
24  21,1  21,1   00:00  21,1   00:00   0,0   2,8   0,0   0,0   5,0   00:00     E
25  25,3  28,1   10:37  21,1   00:00   0,0   7,9 904,5   0,0   5,0   00:00     E
26  28,1  28,1   00:00  28,1   00:00   0,0   9,8 904,5   0,0   0,0   00:00     E
27  28,4  31,0   23:24  28,1   00:00   0,0  10,1 904,5   0,1  11,0   22:58   SSE
28  27,6  30,5   00:04  27,1   09:03   0,0   6,5   0,0   0,0  10,0   00:04     S
29  27,1  27,1   00:00  27,1   00:00   0,0   8,8   0,0   0,0   0,0   00:00     E
30  26,0  27,1   00:00  18,3   22:34   0,0  11,6 904,5   0,0   1,0   22:34     E
----------------------------------------------------------------------------------
    25,6  39,7    17    13,0    16     0,8 220,24522,5   5,0  30,0    14      SE

Max >=  27,0: 13
Max <=   0,0:  0
Min <=   0,0:  0
Min <= -18,0:  0
Max Rain: 904,5 on day 19
Days of Rain: 5 (>= 0,2 mm)  5 (>= 2,0 mm)  5 (>= 20,0 mm)
Heat Base: 18,3  Cool Base: 18,3  Method: Integration