NOAA-Style Climate Reports


Report for 2016 Outubro
                   Monthly Climatological Summary for out 2016

Name: Estação Jardim Recreio   City: Ribeirão Preto   State: São Paulo
Elevation: 580 m  Lat: S 21° 10' 40"   Lon: W 047° 48' 36"

                  Temperature (°C), Rain (mm), Wind Speed (km/h)

                                      Heat  Cool        Avg
    Mean                              Deg   Deg         Wind                 Dom
Day Temp  High   Time   Low    Time   Days  Days  Rain  Speed High   Time    Dir
----------------------------------------------------------------------------------
 1  24,1  28,2   10:55  18,3   00:00   0,0   7,4 904,5   0,0   1,0   00:00     E
 2  25,5  25,5   00:00  25,5   00:00   0,0   7,2   0,0   0,0   1,0   00:00     E
 3  25,5  25,5   00:00  25,5   00:00   0,0   7,2   0,0   0,0   1,0   00:00     E
 4  25,2  27,1   20:45  21,7   20:45   0,0   7,8 904,5   0,0   1,0   00:00     E
 5  21,7  21,7   00:00  21,7   00:00   0,0   3,4   0,0   0,0   0,0   00:00     E
 6  21,7  21,7   00:00  21,7   00:00   0,0   3,4   0,0   0,0   0,0   00:00     E
 7  21,7  21,7   00:00  21,7   00:00   0,0   3,4   0,0   0,0   0,0   00:00     E
 8  21,7  21,7   00:00  21,7   00:00   0,0   3,4   0,0   0,0   0,0   00:00     E
 9  21,7  21,7   00:00  21,7   00:00   0,0   3,4   0,0   0,0   0,0   00:00     E
10  21,7  21,7   00:00  21,7   00:00   0,0   3,4   0,0   0,0   0,0   00:00     E
11  21,7  21,7   00:00  21,7   00:00   0,0   3,4   0,0   0,0   0,0   00:00     E
12  21,7  21,7   00:00  21,7   00:00   0,0   3,4   0,0   0,0   0,0   00:00     E
13  21,7  21,7   00:00  21,7   00:00   0,0   3,4   0,0   0,0   0,0   00:00     E
14  21,7  21,7   00:00  21,7   00:00   0,0   3,4   0,0   0,0   0,0   00:00     E
16  22,1  27,1   11:08  21,7   00:00   0,0   6,7 904,5   0,0   0,0   00:00     E
17  23,2  27,8   20:21  21,7   00:00   0,0   5,3 904,5   0,0   1,0   20:21     E
18  27,8  27,8   00:00  27,8   00:00   0,0   9,5 904,5   0,0   1,0   00:00     E
19  27,8  27,8   00:00  27,8   00:00   0,0   9,5 904,5   0,0   1,0   00:00     E
20  27,8  27,8   00:00  27,8   00:00   0,0   9,5 904,5   0,0   1,0   00:00     E
21  20,0  30,6   07:07  12,0   21:51   1,7   3,4   0,0   0,1   5,0   06:54     S
22  22,1  31,8   06:57  13,8   22:20   0,8   4,6   0,0   0,3  11,0   05:13   SSW
23  27,8  31,0   12:35  19,1   00:04   0,0  10,0 904,5   0,3  11,0   12:09    SE
24  25,4  27,4   18:01  22,8   06:15   0,0   9,9 904,5   0,0   0,0   00:00     E
25  28,0  31,0   08:03  26,7   20:58   0,0   8,3 904,5   0,1  11,0   07:37    SE
26  28,9  32,9   10:06  26,7   00:00   0,0  14,7   0,0   1,2  13,0   21:09    SE
27  27,1  27,1   00:00  27,1   00:00   0,0   8,8   0,0  10,0  13,0   00:00    SE
28  27,1  27,1   00:00  27,1   00:00   0,0   8,8   0,0  10,0  13,0   00:00    SE
29  27,1  27,1   00:00  27,1   00:00   0,0   8,8   0,0  10,0  13,0   00:00    SE
30  27,1  27,1   00:00  27,1   00:00   0,0   8,8   0,0  10,0  13,0   00:00    SE
31  27,1  27,1   00:00  27,1   00:00   0,0   8,8   0,0  10,0  13,0   00:00    SE
----------------------------------------------------------------------------------
    24,5  32,9    26    12,0    21     2,5 199,09045,0   4,5  13,0    26      SE

Max >=  27,0: 18
Max <=   0,0:  0
Min <=   0,0:  0
Min <= -18,0:  0
Max Rain: 904,5 on day 1
Days of Rain: 10 (>= 0,2 mm)  10 (>= 2,0 mm)  10 (>= 20,0 mm)
Heat Base: 18,3  Cool Base: 18,3  Method: Integration