NOAA-Style Climate Reports

Select a Year or Month report
2017: Jan Fev Mar Abr Mai Jun Jul Ago Set Out Nov Dez
2016: Jan Fev Mar Abr Mai Jun Jul Ago Set Out Nov Dez
2015: Jan Fev Mar Abr Mai Jun Jul Ago Set Out Nov Dez
2014: Jan Fev Mar Abr Mai Jun Jul Ago Set Out Nov Dez
2013: Jan Fev Mar Abr Mai Jun Jul Ago Set Out Nov Dez
2012: Jan Fev Mar Abr Mai Jun Jul Ago Set Out Nov Dez

Report for 2016 Dezembro
                   Monthly Climatological Summary for dez 2016

Name: Estação Jardim Recreio   City: Ribeirão Preto   State: São Paulo
Elevation: 580 m  Lat: S 21° 10' 40"   Lon: W 047° 48' 36"

                  Temperature (°C), Rain (mm), Wind Speed (km/h)

                                      Heat  Cool        Avg
    Mean                              Deg   Deg         Wind                 Dom
Day Temp  High   Time   Low    Time   Days  Days  Rain  Speed High   Time    Dir
----------------------------------------------------------------------------------
 1  22,9  30,0   00:00  19,0   00:00   0,0   4,6   0,0   0,0   0,0   00:00     E
 2  23,4  30,0   07:40  21,0   00:00   0,0   5,7   0,0   0,0   0,0   00:00     E
 3  22,9  32,0   00:00  21,0   00:00   0,0   4,6   0,0   0,0   0,0   00:00     E
 4  22,9  27,0   00:00  20,0   00:00   0,0   4,6   0,0   0,0   0,0   00:00     E
 5  20,5  28,0   07:09  16,5   19:43   0,4   2,6 955,8   0,0   9,0   23:37     S
 6  16,8  23,5   00:42  13,3   21:30   1,9   0,4   3,6   0,4  12,0   01:08   SSW
 7  16,9  20,1   01:24  16,1   05:05   1,6   0,1  31,5   0,8  24,0   03:08    SE
 8  22,8  35,3   23:56  17,7   00:09   0,0   4,5   8,1   0,4  13,0   21:07    SW
 9  26,3  35,6   02:45  21,5   19:00   0,0   8,0   0,3   1,4  22,0   23:07   SSW
10  21,0  27,7   01:43  15,9   19:03   0,5   3,2   1,8   3,3  22,0   18:11   SSW
11  14,9  21,8   22:17   9,7   17:57   3,8   0,4   0,0   0,5  10,0   00:21   SSW
12  18,1  22,6   02:11  14,5   18:13   1,2   1,0   0,0   0,1   7,0   00:53   SSW
13  18,2  25,1   23:41  14,7   17:11   1,3   1,2   0,6   0,1  13,0   23:41   SSW
14  17,9  26,4   02:30  10,4   17:53   2,7   2,3   0,0   0,9  18,0   03:09     S
15  17,8  27,4   02:59   8,9   18:09   3,1   2,6   0,0   0,2  13,0   03:12     E
16  20,4  30,6   03:02  12,0   17:46   1,7   3,9   0,0   0,0   5,0   02:49    SW
17  22,2  31,8   02:52  13,8   18:15   0,8   4,7   0,0   0,4  11,0   01:08   SSW
18  27,8  31,0   08:30  24,9   18:27   0,0   6,1   0,0   0,1  11,0   08:04    SE
19  24,9  24,9   00:00  24,9   00:00   0,0   6,5   0,0   0,0   0,0   00:00     E
20  24,9  24,9   00:00  24,9   00:00   0,0   6,6   0,0   0,0   0,0   00:00     E
21  24,9  24,9   00:00  24,9   00:00   0,0   6,6   0,0   0,0   0,0   00:00     E
22  24,9  24,9   00:00  24,9   00:00   0,0   6,6   0,0   0,0   0,0   00:00     E
24  24,9  24,9   00:00  24,9   00:00   0,0   4,3   0,0  ----   0,0   00:00     E
25   0,0   0,0   00:01   0,0   00:01   0,0   0,0   0,0  ----   0,0   00:01   ---
26  32,2  33,7   12:34   0,0   00:00   0,0   8,5 750,9   0,0   3,0   12:34     E
27  33,7  33,7   00:00  33,7   00:00   0,0  15,4 750,9   0,0   3,0   00:00     E
28  33,7  33,7   00:00  33,7   00:00   0,0  15,4 750,9   0,0   3,0   00:00     E
29  33,7  33,7   00:00  33,7   00:00   0,0  15,4 750,9   0,0   3,0   00:00     E
30  33,7  33,7   00:00  33,7   00:00   0,0  15,4 750,9   0,0   3,0   00:00     E
31  33,7  33,7   00:00  33,7   00:00   0,0  15,4 750,9   0,0   3,0   00:00     E
----------------------------------------------------------------------------------
    23,3  35,6     9     0,0    25    19,0 176,65507,1   0,0  24,0     7       S

Max >=  27,0: 18
Max <=   0,0:  1
Min <=   0,0:  2
Min <= -18,0:  0
Max Rain: 955,8 on day 5
Days of Rain: 13 (>= 0,2 mm)  10 (>= 2,0 mm)  8 (>= 20,0 mm)
Heat Base: 18,3  Cool Base: 18,3  Method: Integration