NOAA-Style Climate Reports

Select a Year or Month report
2018: Jan Fev Mar Abr Mai Jun Jul Ago Set Out Nov Dez
2017: Jan Fev Mar Abr Mai Jun Jul Ago Set Out Nov Dez
2016: Jan Fev Mar Abr Mai Jun Jul Ago Set Out Nov Dez
2015: Jan Fev Mar Abr Mai Jun Jul Ago Set Out Nov Dez
2014: Jan Fev Mar Abr Mai Jun Jul Ago Set Out Nov Dez
2013: Jan Fev Mar Abr Mai Jun Jul Ago Set Out Nov Dez
2012: Jan Fev Mar Abr Mai Jun Jul Ago Set Out Nov Dez

Report for 2017
                   Annual Climatological Summary for 2017

Name: Estação Jardim Recreio   City: Ribeirão Preto   State: São Paulo
Elevation: 580 m  Lat: S 21° 10' 40"   Lon: W 047° 48' 36"

                  Temperature (°C), Heat Base: 18,3  Cool Base: 18,3
                          Dep.  Heat  Cool                       Max  Max  Min  Min
        Mean  Mean        From  Deg   Deg                        >=   <=   <=   <=
 YR MO  Max   Min   Mean  Norm  Days  Days  Hi  Date  Low  Date 27,0  0,0  0,0 -18,0
------------------------------------------------------------------------------------
 17  1  29,5  19,3  23,8  -1,2    27   191  35,6  13   8,9   20   22    0    0    0
 17  2  28,2  18,3  23,5  -1,5    25   159  33,7  26   8,9    2   16    0    0    0
 17  3  26,5  22,1  24,4  -0,1    10   191  31,8  29   8,9   27   15    0    0    0
 17  4  26,7  13,6  19,6  -3,4    41    79  35,6  11   8,9   18   14    0    0    0
 17  5  26,0  21,1  23,7   2,7    15   185  33,2   1   8,9   16   14    0    0    0
 17  6  24,0  20,3  22,2   2,7    10   108  31,8   8   8,9    6    6    0    0    0
 17  7
 17  8  27,5  14,2  19,7  -1,8    27    59  35,6  10   8,9   17   10    0    0    0
 17  9  27,3  15,0  19,7  -2,8    16    36  35,6  28   9,6   19    6    0    0    0
 17 10  27,4  14,3  19,6  -4,9    29    60  35,6  27   8,9    4   13    0    0    0
 17 11  27,2  16,3  20,9  -3,6    20    59  31,8   4   8,9    2    8    0    0    0
 17 12  29,6  15,1  22,2  -2,3    15    57  35,6   2   8,9    8    8    0    0    0
------------------------------------------------------------------------------------
        27,3  17,2  21,8  -1,5   239  1189  35,6 jan   8,9  jan  132    0    0    0

                                Precipitation (mm)

              Dep.   Max        Days of Rain
              From   Obs.           >=
 YR MO Total  Norm   Day Date  0,2  2,0 20,0
---------------------------------------------
 17  13390,93125,9 764,1   4    12    8    6
 17  23167,72960,9 517,5   2     8    7    7
 17  33665,73509,1 416,1   1    11   10   10
 17  4 726,6 657,5 391,5   2    12    5    3
 17  5 265,2 217,4 263,1  10     4    1    1
 17  63309,03280,4 242,4   1    18   18   18
 17  7
 17  8 298,8 277,8 252,9   1     9    3    2
 17  9 221,7 169,8 176,4  18     7    4    2
 17 10 144,9  16,1  98,4  17    11    4    2
 17 11  42,9-125,6  31,5  30     3    3    1
 17 12  10,8-246,7   8,1   1     5    1    0
---------------------------------------------
     15244,013843,0 764,1  jan  100   64   52

                                Wind Speed (km/h)
                          Dom
 YR MO   Avg.  Hi   Date  Dir
------------------------------
 17  1   0,1  24,0   11     S
 17  2   6,5  28,0   24     W
 17  3   0,9  18,0   26   SSW
 17  4   0,5  24,0    9     S
 17  5   0,0  22,0   11     S
 17  6   0,2  13,0    6    SW
 17  7
 17  8   7,7  36,0   20    NW
 17  9   0,7  36,0   18     S
 17 10   3,3  26,0    7    NW
 17 11   3,9  24,0   30     N
 17 12   0,3  22,0    2   SSW
------------------------------
         2,2  36,0  ago   WNW