NOAA-Style Climate Reports

Select a Year or Month report
2017: Jan Fev Mar Abr Mai Jun Jul Ago Set Out Nov Dez
2016: Jan Fev Mar Abr Mai Jun Jul Ago Set Out Nov Dez
2015: Jan Fev Mar Abr Mai Jun Jul Ago Set Out Nov Dez
2014: Jan Fev Mar Abr Mai Jun Jul Ago Set Out Nov Dez
2013: Jan Fev Mar Abr Mai Jun Jul Ago Set Out Nov Dez
2012: Jan Fev Mar Abr Mai Jun Jul Ago Set Out Nov Dez

Report for 2017 Janeiro
                   Monthly Climatological Summary for jan 2017

Name: Estação Jardim Recreio   City: Ribeirão Preto   State: São Paulo
Elevation: 580 m  Lat: S 21° 10' 40"   Lon: W 047° 48' 36"

                  Temperature (°C), Rain (mm), Wind Speed (km/h)

                                      Heat  Cool        Avg
    Mean                              Deg   Deg         Wind                 Dom
Day Temp  High   Time   Low    Time   Days  Days  Rain  Speed High   Time    Dir
----------------------------------------------------------------------------------
 1  33,7  33,7   00:00  33,7   00:00   0,0  15,4 750,9   0,0   3,0   00:00     E
 2  33,7  33,7   00:00  33,7   00:00   0,0  15,4 750,9   0,0   3,0   00:00     E
 4  25,0  33,7   00:00  15,8   17:36   0,7  10,9 764,1   2,1  13,0   13:55   SSE
 5  15,5  22,8   23:56   9,6   16:34   3,5   0,7   0,0   0,2  11,0   01:50     S
 6  18,2  27,5   23:59  13,6   11:12   1,9   1,9   0,0   0,0   3,0   00:22   SSW
 7  20,7  29,1   01:30  14,6   15:48   0,9   3,3   0,0   0,2  11,0   22:32   SSW
 8  21,0  29,3   01:25  14,7   16:41   0,9   3,6   0,0   0,2  10,0   00:45     S
 9  22,1  29,4   23:40  16,7   16:31   0,2   4,0   0,0   0,0   3,0   20:12   NNW
10  20,5  29,7   00:19  16,5   14:50   0,4   2,6   3,0   0,5  12,0   20:15   SSW
11  16,4  20,1   20:31  13,3   16:37   2,1   0,2   7,8   0,7  24,0   22:15    SE
12  17,3  21,8   23:49  16,1   00:12   1,4   0,4  32,4   0,1  16,0   00:12   WNW
13  25,7  35,6   21:52  19,2   05:50   0,0   7,4   0,0   0,8  13,0   16:14   WSW
14  24,6  31,6   00:02  21,5   14:07   0,0   6,3   0,3   1,4  22,0   18:14     S
15  19,3  24,2   00:05  15,9   14:10   0,7   1,6   1,8   3,3  22,0   13:18   SSW
16  15,7  22,6   21:18   9,7   13:04   3,6   1,0   0,0   0,1   7,0   20:00   SSW
17  18,0  21,8   18:45  14,5   13:20   1,2   0,9   0,3   0,0   3,0   18:19     E
18  19,1  26,4   21:37  14,7   12:18   1,3   2,0   0,3   0,8  18,0   22:16     S
19  18,1  27,4   22:06  10,4   13:00   2,7   2,5   0,0   0,3  13,0   22:19    SE
20  18,5  30,6   22:09   8,9   13:16   3,1   3,2   0,0   0,1   5,0   21:56     S
21  20,7  31,8   21:59  12,0   12:53   1,7   4,2   0,0   0,3  11,0   20:15   SSW
23  24,2  31,0   03:37  13,8   13:22   0,8  10,5   0,0   0,0  11,0   03:11   SSE
24  29,6  33,1   14:22  26,9   00:00   0,0  10,6 542,4   0,0   1,0   14:22     E
25  33,1  33,1   00:00  33,1   00:00   0,0  14,8   0,0   0,0   1,0   00:00     E
26  33,1  33,1   00:00  33,1   00:00   0,0  14,8   0,0   0,0   1,0   00:00     E
27  33,1  33,1   00:00  33,1   00:00   0,0  14,8   0,0   0,0   1,0   00:00     E
28  33,1  33,1   00:00  33,1   00:00   0,0  14,8   0,0   0,0   1,0   00:00     E
29  29,9  33,1   00:00  19,9   23:48   0,0  11,6 536,7   0,0  11,0   16:13   SSW
30  22,4  31,0   23:35  13,8   09:20   0,8   4,4   0,0   0,4  11,0   23:09    SE
----------------------------------------------------------------------------------
    23,7  35,6    13     8,9    20    27,9 183,83390,9   0,1  24,0    11       S

Max >=  27,0: 21
Max <=   0,0:  0
Min <=   0,0:  0
Min <= -18,0:  0
Max Rain: 764,1 on day 4
Days of Rain: 12 (>= 0,2 mm)  8 (>= 2,0 mm)  6 (>= 20,0 mm)
Heat Base: 18,3  Cool Base: 18,3  Method: Integration