NOAA-Style Climate Reports

Select a Year or Month report
2017: Jan Fev Mar Abr Mai Jun Jul Ago Set Out Nov Dez
2016: Jan Fev Mar Abr Mai Jun Jul Ago Set Out Nov Dez
2015: Jan Fev Mar Abr Mai Jun Jul Ago Set Out Nov Dez
2014: Jan Fev Mar Abr Mai Jun Jul Ago Set Out Nov Dez
2013: Jan Fev Mar Abr Mai Jun Jul Ago Set Out Nov Dez
2012: Jan Fev Mar Abr Mai Jun Jul Ago Set Out Nov Dez

Report for 2017 Fevereiro
                   Monthly Climatological Summary for fev 2017

Name: Estação Jardim Recreio   City: Ribeirão Preto   State: São Paulo
Elevation: 580 m  Lat: S 21° 10' 40"   Lon: W 047° 48' 36"

                  Temperature (°C), Rain (mm), Wind Speed (km/h)

                                      Heat  Cool        Avg
    Mean                              Deg   Deg         Wind                 Dom
Day Temp  High   Time   Low    Time   Days  Days  Rain  Speed High   Time    Dir
----------------------------------------------------------------------------------
 1  28,7  28,7   00:00  28,7   00:00   0,0  10,4   0,0   0,0   3,0   00:00     E
 2  23,1  28,7   00:00   8,9   19:55   2,0   6,8 517,5   0,0   3,0   00:00     E
 3  20,2  30,6   04:48  12,0   19:32   1,7   3,6   0,0   0,1   5,0   04:35     S
 4  22,2  31,8   04:38  13,8   20:01   0,8   4,7   0,0   0,3  11,0   02:54   SSW
 5  28,3  31,0   10:16  24,9   19:59   0,0   6,5   0,0  13,7  19,0   19:59   SSW
 6  24,9  24,9   00:00  24,9   00:00   0,0   6,6   0,0  15,0  19,0   00:00    SW
 7  24,9  24,9   00:00  24,9   00:00   0,0   6,6   0,0  15,0  19,0   00:00    SW
 8  20,9  24,9   00:00  13,8   22:20   0,8   3,4 460,5  13,9  19,0   00:00    SW
 9  28,4  31,0   12:35  19,1   00:04   0,0   6,6   0,0   1,1  11,0   12:09   SSE
10  24,1  26,5   00:00  15,9   21:31   0,3   6,2 458,4   1,1  22,0   20:39   SSW
11  14,5  20,8   23:53   9,7   20:25   3,9   0,1   0,0   0,9  12,0   02:09   SSW
12  18,1  22,6   04:39  14,5   20:41   1,2   1,0   0,0   0,1   7,0   03:21   SSW
13  17,9  21,8   02:06  14,7   19:39   1,3   0,9   0,6   0,0   3,0   01:40     E
14  17,8  26,4   04:58  10,4   20:21   2,7   2,2   0,0   1,0  18,0   05:37     S
15  17,8  27,4   05:27   8,9   20:37   3,1   2,5   0,0   0,2  13,0   05:40   ESE
16  20,1  30,6   05:30  12,0   20:14   1,7   3,6   0,0   0,1   5,0   05:17     S
17  22,2  31,8   05:20  13,8   20:43   0,8   4,7   0,0   0,3  11,0   03:36   SSW
18  28,6  31,0   10:58  25,7   00:11   0,0   6,9   0,0   6,4  12,0   21:10    NE
19  26,2  26,2   00:00  26,2   00:00   0,0   7,9   0,0   7,0  12,0   00:00     N
20  26,2  26,2   00:00  26,2   00:00   0,0   7,9   0,0   7,0  12,0   00:00     N
21  18,9  26,2   00:00   8,9   20:48   3,0   3,6 455,7   6,4  12,0   00:00     N
22  20,1  30,6   05:41  12,0   20:25   1,7   3,5   0,0   0,1   5,0   05:28     S
23  22,2  31,8   05:31  13,8   20:54   0,8   4,7   0,0   0,3  11,0   03:47   SSW
24  28,3  31,0   11:09  24,2   20:58   0,0   6,5   0,0  11,4  28,0   20:58   WNW
25  24,2  24,2   00:00  24,2   00:00   0,0   5,9   0,0  13,0  28,0   00:00    NW
26  27,4  33,7   15:55  24,2   00:00   0,0  10,2 442,8   8,9  28,0   00:00    NW
27  31,1  33,7   00:00  27,1   10:38   0,0  14,4 416,1   0,4   5,0   00:00   WNW
28  30,1  30,1   00:00  30,1   00:00   0,0  11,8 416,1   0,0   1,0   00:00     E
----------------------------------------------------------------------------------
    23,5  33,7    26     8,9     2    25,8 159,73167,7   6,5  28,0    24       W

Max >=  27,0: 16
Max <=   0,0:  0
Min <=   0,0:  0
Min <= -18,0:  0
Max Rain: 517,5 on day 2
Days of Rain: 8 (>= 0,2 mm)  7 (>= 2,0 mm)  7 (>= 20,0 mm)
Heat Base: 18,3  Cool Base: 18,3  Method: Integration