NOAA-Style Climate Reports


Report for 2017 Abril
                   Monthly Climatological Summary for abr 2017

Name: Estação Jardim Recreio   City: Ribeirão Preto   State: São Paulo
Elevation: 580 m  Lat: S 21° 10' 40"   Lon: W 047° 48' 36"

                  Temperature (°C), Rain (mm), Wind Speed (km/h)

                                      Heat  Cool        Avg
    Mean                              Deg   Deg         Wind                 Dom
Day Temp  High   Time   Low    Time   Days  Days  Rain  Speed High   Time    Dir
----------------------------------------------------------------------------------
 2  19,8  23,6   00:00  11,8   23:52   2,2   5,6 391,5   1,0  13,0   01:20   SSE
 3  16,1  23,9   12:52   9,6   03:59   3,2   1,0   0,0   0,0   4,0   09:11   SSW
 4  20,1  29,1   12:55  13,6   00:08   1,1   2,9   0,0   0,1   6,0   12:16   WSW
 5  21,1  29,3   12:50  14,6   03:13   0,8   3,6   0,0   0,3  11,0   09:57     S
 6  21,9  28,8   11:02  14,7   04:06   0,7   3,3   0,0   0,0   3,0   06:55     E
 7  22,2  29,7   17:14  16,7   09:26   0,2   4,1   0,0   0,0   3,0   13:07   NNW
 8  18,3  23,5   12:44  16,5   07:45   0,5   0,6   3,3   0,5  12,0   13:10   SSW
 9  16,0  20,1   13:26  13,3   09:32   2,4   0,1   8,1   0,7  24,0   15:10    SE
10  18,6  22,4   22:58  16,3   00:03   0,9   1,2  31,8   0,1   9,0   09:09   WNW
11  27,0  35,6   14:47  19,5   05:54   0,0   8,8   0,0   0,8  13,0   09:09   WSW
12  23,6  28,0   11:09  20,7   23:43   0,0   5,3   0,6   1,8  22,0   11:09     S
13  16,9  20,7   00:09  11,8   23:55   1,8   0,4   1,5   2,9  22,0   06:13   SSW
14  16,6  22,6   14:13   9,7   05:59   2,7   1,0   0,0   0,1   7,0   12:55   SSW
15  18,1  21,8   11:40  14,5   06:15   1,1   0,9   0,3   0,0   3,0   11:14     E
16  18,8  26,4   14:32  13,4   23:51   1,7   2,2   0,3   1,0  18,0   15:11     S
17  18,0  27,4   15:01  10,4   05:55   2,8   2,5   0,0   0,2  13,0   15:14   ESE
18  19,0  30,6   15:04   8,9   06:11   2,7   3,4   0,0   0,1   5,0   14:51     S
19  21,5  31,8   14:54  12,0   05:48   1,4   4,6   0,0   0,3  11,0   13:10   SSW
21  25,1  31,0   20:32  13,8   06:17   0,8   9,9   0,0   0,3  11,0   20:06    SE
22  21,6  28,0   20:19  19,0   00:00   0,0   3,3 286,8   0,2  22,0   20:19     S
23  19,9  26,2   00:00  15,9   16:15   0,6   2,2   1,8   3,3  22,0   15:23   SSW
24  15,4  22,6   23:23   9,7   15:09   3,7   0,8   0,0   0,2  10,0   00:25   SSW
25  18,0  21,8   20:50  14,5   15:25   1,2   0,9   0,3   0,0   5,0   00:15    SE
26  18,8  26,4   23:42  14,7   14:23   1,2   1,7   0,3   0,4  13,0   20:53   SSE
27  18,0  27,3   23:32  10,4   15:05   2,7   2,4   0,0   0,5  18,0   00:21     S
28  18,1  30,4   23:48   8,9   15:21   3,1   2,9   0,0   0,2  13,0   00:24     E
29  20,6  31,5   23:25  12,0   14:58   1,7   4,1   0,0   0,2  11,0   22:20   SSW
----------------------------------------------------------------------------------
    19,6  35,6    11     8,9    18    41,2  79,7 726,6   0,5  24,0     9       S

Max >=  27,0: 14
Max <=   0,0:  0
Min <=   0,0:  0
Min <= -18,0:  0
Max Rain: 391,5 on day 2
Days of Rain: 12 (>= 0,2 mm)  5 (>= 2,0 mm)  3 (>= 20,0 mm)
Heat Base: 18,3  Cool Base: 18,3  Method: Integration