NOAA-Style Climate Reports


Report for 2017 Agosto
                   Monthly Climatological Summary for ago 2017

Name: Estação Jardim Recreio   City: Ribeirão Preto   State: São Paulo
Elevation: 580 m  Lat: S 21° 10' 40"   Lon: W 047° 48' 36"

                  Temperature (°C), Rain (mm), Wind Speed (km/h)

                                      Heat  Cool        Avg
    Mean                              Deg   Deg         Wind                 Dom
Day Temp  High   Time   Low    Time   Days  Days  Rain  Speed High   Time    Dir
----------------------------------------------------------------------------------
 1  20,8  23,8   00:00  15,8   13:54   0,7   4,9 252,9   1,8  13,0   10:13   SSE
 2  15,8  23,9   21:45   9,6   12:52   3,5   1,0   0,0   0,0   4,0   18:04   SSW
 3  18,9  29,1   21:48  13,6   07:30   1,9   2,6   0,0   0,1   6,0   21:09    SW
 4  20,8  29,3   21:43  14,6   12:06   0,9   3,4   0,0   0,3  11,0   18:50     S
 6  20,6  28,8   19:55  14,7   12:59   1,0   5,0   0,0   0,0   3,0   15:48     N
 7  21,2  29,7   02:07  16,5   16:38   0,4   3,3   2,7   0,5  12,0   22:03   SSW
 8  16,6  20,1   22:19  13,3   18:25   1,9   0,2   1,5   0,3  19,0   23:50   SSE
 9  16,9  20,7   23:01  16,1   02:00   1,6   0,2  38,7   0,6  24,0   00:03   ESE
10  24,8  35,6   23:40  19,2   07:38   0,0   6,5   0,3   0,6  13,0   18:02   WSW
11  25,2  35,6   00:06  21,5   15:55   0,0   7,0   0,3   1,5  22,0   20:02     S
12  19,8  25,8   00:09  15,9   15:58   0,6   2,1   1,8   3,3  22,0   15:06   SSW
13  15,5  22,6   23:06   9,7   14:52   3,7   0,8   0,0   0,2  10,0   00:08   SSW
14  18,0  21,8   20:33  14,5   15:08   1,2   0,9   0,3   0,0   5,0   00:11     E
15  18,8  26,4   23:25  14,7   14:06   1,3   1,7   0,3   0,5  13,0   20:36   SSE
16  18,0  27,4   23:54  10,4   14:48   2,7   2,4   0,0   0,5  18,0   00:04   SSW
17  18,3  30,6   23:57   8,9   15:04   3,1   3,0   0,0   0,2  13,0   00:07   ESE
18  20,6  31,8   23:47  12,0   14:41   1,7   4,0   0,0   0,2  11,0   22:03   SSW
20  24,3  31,8   00:00  13,8   15:10   0,8  10,6   0,0  21,5  36,0   15:36    NW
----------------------------------------------------------------------------------
    19,7  35,6    10     8,9    17    27,0  59,6 298,8   5,2  36,0    20     WNW

Max >=  27,0: 10
Max <=   0,0:  0
Min <=   0,0:  0
Min <= -18,0:  0
Max Rain: 252,9 on day 1
Days of Rain: 9 (>= 0,2 mm)  3 (>= 2,0 mm)  2 (>= 20,0 mm)
Heat Base: 18,3  Cool Base: 18,3  Method: Integration