NOAA-Style Climate Reports


Report for 2016 Janeiro
                   Monthly Climatological Summary for jan 2016

Name: Estação Jardim Recreio   City: Ribeirão Preto   State: São Paulo
Elevation: 580 m  Lat: S 21° 10' 40"   Lon: W 047° 48' 36"

                  Temperature (°C), Rain (mm), Wind Speed (km/h)

                                      Heat  Cool        Avg
    Mean                              Deg   Deg         Wind                 Dom
Day Temp  High   Time   Low    Time   Days  Days  Rain  Speed High   Time    Dir
----------------------------------------------------------------------------------
 1  25,7  33,3   15:14  21,3   06:08   0,0   7,4   0,6   0,7  28,0   15:39   SSE
 2  25,4  31,9   15:31  22,3   06:24   0,0   7,1  10,2   0,4  21,0   16:16     S
 3  23,6  30,4   12:24  21,7   23:48   0,0   5,3  21,6   0,7  30,0   12:41   SSW
 4  24,3  31,0   16:39  21,1   06:49   0,0   6,0   2,4   0,7  21,0   17:17   WSW
 5  27,3  34,4   18:12  22,1   06:27   0,0   9,0   2,4   0,1  18,0   09:12   WNW
 6  27,9  34,8   18:17  21,3   06:30   0,0   9,6   0,0   0,1  39,0   20:51   WNW
 7  28,6  35,2   18:12  22,1   06:45   0,0  10,3   0,0   0,1  12,0   13:18   SSW
 8  26,7  33,5   10:35  23,7   06:42   0,0   8,4   1,5   0,2  18,0   16:49    SW
 9  24,8  29,3   15:45  22,6   20:57   0,0   6,5   7,5   0,3  22,0   15:48   WSW
10  25,1  30,3   13:41  22,0   01:30   0,0   6,8  17,1   0,8  26,0   13:41   WSW
11  24,5  29,4   15:25  22,2   06:31   0,0   6,2  15,9   1,1  28,0   17:45    SW
12  22,6  23,4   17:36  22,0   03:47   0,0   4,3  73,8   3,1  26,0   13:05   WSW
13  23,4  26,0   16:04  22,2   07:43   0,0   5,1  43,5   2,1  23,0   09:13    SW
14  24,4  27,7   17:52  22,8   07:16   0,0   6,1   6,6   0,9  18,0   14:08   WSW
15  23,2  25,5   15:28  22,3   02:44   0,0   4,9 101,4   2,4  28,0   15:22   SSW
16  24,5  29,7   16:36  20,1   07:48   0,0   6,2  15,0   0,8  22,0   17:08   ESE
17  25,3  32,1   18:05  19,3   06:25   0,0   7,0   0,0   0,1  17,0   00:00    NE
18  26,1  31,3   13:48  22,0   06:10   0,0   7,8   0,0   0,7  22,0   08:33   ENE
19  24,6  29,5   12:28  21,8   06:09   0,0   6,3   2,1   0,6  24,0   08:48     E
20  24,6  31,5   15:00  20,4   07:12   0,0   6,4   7,8   0,4  26,0   10:17   NNE
21  26,0  32,1   18:06  20,6   06:53   0,0   7,7   0,0   0,6  23,0   23:48   ENE
22  25,9  33,5   17:24  20,3   05:12   0,0   7,6   4,8   0,3  18,0   00:34   NNE
23  27,3  34,7   17:21  20,9   06:57   0,0   9,0   0,0   0,2  18,0   10:41   SSW
24  27,8  35,2   16:45  22,0   23:33   0,0   9,6   0,3   1,2  28,0   20:25   SSW
25  27,7  35,3   17:03  20,8   07:00   0,0   9,4  11,7   1,2  27,0   23:42     S
26  27,7  35,1   16:05  20,3   06:40   0,0   9,4   2,1   0,7  16,0   14:27   SSW
27  25,9  35,6   14:42  22,4   21:36   0,0   7,6   7,2   0,6  32,0   15:47     S
28  25,5  33,3   15:55  21,2   04:22   0,0   7,2   3,3   0,2  32,0   17:24    NW
29  24,7  31,3   13:37  22,6   01:42   0,0   6,4   2,7   0,1  13,0   23:50    SW
30  28,1  35,4   19:01  22,1   02:03   0,0   9,9   0,3   1,2  28,0   11:26   WSW
31  29,1  36,1   15:12  21,1   06:39   0,0  10,8   0,0   0,7  21,0   12:49   WSW
----------------------------------------------------------------------------------
    25,8  36,1    31    19,3    17     0,0 231,3 361,8   0,7  39,0     6      SW

Max >=  27,0: 28
Max <=   0,0:  0
Min <=   0,0:  0
Min <= -18,0:  0
Max Rain: 101,4 on day 15
Days of Rain: 24 (>= 0,2 mm)  20 (>= 2,0 mm)  4 (>= 20,0 mm)
Heat Base: 18,3  Cool Base: 18,3  Method: Integration